**2 - 45*s + 10. Let p be m(2). What is the highest common divisor of p and 282?
94
Suppose -12*p - 59*p = -45*p - 578 - 46. Let a be (-752)/(-18) - (-2)/9. Calculate the greatest common divisor of p and a.
6
Suppose 4*r - 3*x = 2*x + 245, -r + 61 = -x. Let f be (r/(-40))/((-3)/46). Let a = -497 - -750. Calculate the highest common divisor of f and a.
23
Let u(i) = -16*i + 122. Let f(r) = -47*r + 367. Let c(h) = 3*f(h) - 8*u(h). Let o be c(-20). Calculate the highest common factor of o and 7.
7
Let f be (-775)/15 + 4/(-3). Let p(h) = -h**3 - 53*h**2 + 2*h + 123. Let t be p(f). Calculate the greatest common divisor of t and 221.
17
Let m = 6245 + -6237. Calculate the highest common divisor of m and 722.
2
Let p be (50 + -5)*((-3)/(-1))/3. Suppose -40*q - 120 = -p*q. Calculate the greatest common factor of 56 and q.
8
Let k be (7/(42/(-20)))/(2/3). Let j be ((-2250)/k)/(-10)*(1 - 2). Calculate the greatest common factor of j and 135.
45
Let b = -17 - -66. Suppose -3*p = s - 402, -p - 2*s - s + 126 = 0. Suppose -54*d + p = -b*d. What is the greatest common factor of 3 and d?
3
Let f(s) be the second derivative of -s**5/20 - s**4/2 - 7*s**3/3 - 3*s**2/2 - 13*s. Let l be f(-6). Calculate the highest common factor of 9 and l.
9
Let w(b) = -5*b + 6. Let d(r) = -9*r - 60. Let z be d(-6). Let p be w(z). What is the greatest common divisor of p and 84?
12
Let x be -7 + ((-3)/2)/((-15869)/(-3178) - 5). What is the greatest common divisor of 15 and x?
5
Let d be (-2)/(1/((-2)/4)). Let p = -711 + 149. Let r = -558 - p. Calculate the highest common divisor of r and d.
1
Let m be (12/3)/(-1) + 24*-9. Let x = m - -269. What is the greatest common divisor of x and 245?
49
Let q(p) = p**2 + 65*p - 344. Let n be q(5). What is the highest common factor of n and 20238?
6
Let w be (7/(56/66))/((-9)/(-168)). Suppose -4*t + 4*i = -1804, 2*i - 288 = -t + w. Calculate the greatest common divisor of 192 and t.
64
Let l be (-13)/((-78)/(-84))*-133. What is the highest common divisor of l and 399?
133
Let r be ((-320)/(-5))/(-8) + 0. Let z be (90/r)/15*56/(-6). What is the greatest common divisor of z and 1?
1
Let y(j) = -j**2 - 90*j + 331. Let o be y(-89). Calculate the greatest common divisor of 945 and o.
105
Let a be 8/10 - (-2)/10. Let g(u) = 78*u + 2. Let t be g(a). Calculate the highest common divisor of 48 and t.
16
Let c be (-15 - 32/(-8))*-27 - 3. What is the highest common factor of 924 and c?
42
Let f(y) = 81*y**2 - y + 2. Let b be ((-1)/(-8))/(2*(-3)/(-48)). Let g be f(b). Calculate the highest common factor of g and 656.
82
Suppose 3*w + 3*z - 3741 = 0, 0 = 2*w + 3*z + 2078 - 4571. Calculate the greatest common divisor of 468 and w.
156
Suppose -24*c - 52*c - 22876 = -114*c. What is the highest common divisor of c and 56?
14
Suppose -155*x = -1654 - 2996. Calculate the greatest common factor of x and 96.
6
Let q = 10439 + -4188. Calculate the highest common divisor of q and 133.
133
Let j be -15*(14/6 - 2). Let t be 18/(-90) + (-21)/j. Suppose t*k + 2*a - 3 = 1215, 5*a = 2*k - 627. What is the greatest common factor of 34 and k?
34
Suppose 0 = 6*i - 416 + 104. Suppose 199*c - i = 186*c. Suppose -t - 60 = -4*t. Calculate the greatest common divisor of c and t.
4
Let v = 5834 - 2523. Calculate the greatest common divisor of 77 and v.
77
Suppose -8 = 5*i - 38. Suppose i*t - 14*t = -6*t. Suppose -r + 5*k + 0*k + 192 = t, 5*k = -10. What is the highest common factor of r and 26?
26
Suppose -d + 866 = 4*f - 0*d, 2*d = -4. What is the greatest common factor of f and 713?
31
Let k(w) = -w**3 + 8*w**2 + 2*w - 3. Let p be (5 - -8) + 5/(-1). Let q be k(p). What is the greatest common divisor of 91 and q?
13
Let m = -68 - -355. Let o = m - 281. Suppose 5*h = -0*h + 10. Calculate the highest common divisor of h and o.
2
Let g(z) = -7*z + 31. Let w be g(4). Let c(h) = -22*h + 70. Let i be c(w). What is the highest common factor of i and 60?
4
Suppose -4*p - 4*p = -32. Let h be (-1)/p*-26 + 6/4. Let f be (75*h/(-18))/((-4)/18). What is the greatest common factor of 15 and f?
15
Let q(r) = 168*r - 13. Let g(o) = -55*o + 4. Let p(b) = 11*g(b) + 4*q(b). Let y be p(2). Calculate the greatest common factor of y and 18.
18
Let c = 23922 + -23888. Calculate the highest common divisor of 27710 and c.
34
Let v = 23260 + -23233. Calculate the greatest common factor of 35667 and v.
27
Let l = -11 - -22. Let m be 70/385 - 103/(-22)*54. What is the highest common factor of l and m?
11
Suppose 2*z + 102 - 2421 = -3*r, 3*r - 2301 = -8*z. Calculate the greatest common divisor of 10 and r.
5
Let r be 195 - (-5)/(35/28). Let u = 203 - r. What is the greatest common factor of u and 4?
4
Suppose -118 = -t - 2*x, -20*t + x = -15*t - 557. What is the greatest common factor of t and 7?
7
Suppose -2*x = f - 12 + 4, 5*f - 20 = 0. Suppose 0 = 6*a - 2 - 10. Suppose 3*n - n + o = 14, a*o - 12 = -2*n. What is the greatest common divisor of n and x?
2
Let a = -318 + 322. Suppose a*g = -4*l + 32, 2*l = -4*g + 9 + 7. Calculate the greatest common divisor of 8 and l.
8
Let m = -510 - -362. Let z be 54 + (-37)/m + (-22)/(-8). Calculate the greatest common divisor of z and 38.
19
Let d = 1570 - 1380. Calculate the greatest common factor of d and 95.
95
Let p = 517 - 467. Suppose -p*n - 55 = -55*n. What is the greatest common divisor of n and 33?
11
Let v(g) = -g - 28. Let d be v(-28). Suppose 6 = -3*o, d = -3*i + 5*i - 3*o - 56. Calculate the highest common factor of 75 and i.
25
Let s be (2801 - (-6)/(-3)) + (26 + -21)/5. What is the greatest common divisor of s and 50?
50
Let c(j) = j**3 + 19*j**2 + 12*j - 92. Let l be c(-18). Suppose -2*o = 2*o - l, -3*o = d - 38. What is the highest common factor of 104 and d?
26
Suppose 3*k - 96060 = -6*w, 3*k + 30403 = -2*w + 126447. Calculate the highest common factor of 212 and k.
212
Let f = 16905 - 16554. What is the greatest common divisor of 52 and f?
13
Let u = -214 + 219. Suppose -4*h = u*b - 402 - 338, -5*h = 5*b - 920. What is the greatest common divisor of h and 45?
45
Let r be ((-1664)/78 - -22)*8328. Calculate the greatest common divisor of r and 32.
16
Suppose 6362*g - 6368*g = -23640. Calculate the highest common divisor of 180 and g.
20
Let y(b) = -24*b + 12. Let m be y(-2). Let x(v) = 2*v + 36. Let s be x(-12). What is the greatest common divisor of s and m?
12
Let d = -55 - -53. Let o be 1/d*-74*-1. Let i = -25 - o. Calculate the highest common divisor of i and 48.
12
Suppose 20*t + 43*t - 425 - 2347 = 0. What is the greatest common divisor of t and 1606?
22
Let b(t) be the second derivative of -t**5/20 - t**4/3 + 2*t**3/3 + 17*t**2/2 + 87*t - 2. Let o be b(-5). What is the highest common factor of 418 and o?
22
Let i = 87 + -78. Suppose -2*m + 2 = 4*v, -3*m + 5*v = m + i. Let b be 44/m*15/(-20). What is the highest common factor of 3 and b?
3
Let h(b) = -b**3 - 17*b**2 + 87*b - 4. Let z be h(4). Calculate the highest common divisor of 2276 and z.
4
Suppose -23*f - 5332 = -2*y - 25*f, 2*f - 12 = 0. Calculate the highest common factor of y and 21.
7
Suppose -39*v = -34*v - 400. Let i be (v - -4)*(56/(-12) + 5). Calculate the greatest common factor of 700 and i.
28
Let p = -3299 + 6043. Calculate the greatest common factor of 24 and p.
8
Let x be 1982/(-3 + 55/15). Suppose 0 = 16*j - 867 - x. What is the greatest common divisor of 48 and j?
48
Let b(x) = -292*x. Let c be b(1). Let a = 309 + c. Calculate the greatest common factor of 374 and a.
17
Suppose 5*m - 6256 = 4*f + 120884, -f - 127155 = -5*m. Calculate the highest common factor of 88 and m.
88
Let h be (-303)/((-12)/(-15) + (-1)/(-5)). Let g = h - -310. Let u be (-2)/(-1)*2 - -3. Calculate the highest common factor of g and u.
7
Suppose -4*q - v + 1397 + 1620 = 0, 0 = 4*q + 6*v - 3022. Calculate the highest common divisor of q and 702.
26
Let l(g) = -g**3 - 11*g**2 - 4*g - 57. Suppose j + 4*n - n = -21, j + 2*n + 18 = 0. Let c be l(j). What is the greatest common divisor of c and 15?
15
Let s(i) = -225*i - 39. Let w be s(-8). Let g = w - 681. Calculate the greatest common factor of 40 and g.
40
Suppose -10*l + 141 = -109. Let i be (-10)/50 + 2752/10. What is the highest common factor of l and i?
25
Suppose 0 = -8*j + 18*j - 300. Suppose 2*a - j = -2*n, 0*n - 3*n = a - 39. What is the great